ative of -3*z**5/20 - z**4/2 + 2*z**3 + 1785*z**2 + 2. Determine y(1).
-9
Let a be -5 + (5*(-5)/(-25) - -23). Let s(z) = -7*z + 128. Let h be s(a). Let f(u) be the second derivative of -u**3/2 - u**2 - 4*u. Calculate f(h).
13
Let s(r) = -74*r - 1. Let i = -10469 + 10468. What is s(i)?
73
Let f(a) = -6*a + 7. Let l = -4095 + 4097. Determine f(l).
-5
Let r = 57 + -53. Let q(i) = 3*i - 2 + 5 - i**3 + 5*i**2 + r*i. Let c = 87 + -81. Determine q(c).
9
Let n(p) = p**2 - 4*p - 7. Let y(b) = -b**3 - 10*b**2 + b - 21. Let a be y(-11). Let f = -98 + a. Let x be ((-8)/4 - f) + -1. Give n(x).
5
Let a(s) = -s**3 + 6*s**2 - s + 3. Let v(c) = -18*c**3 + 70*c**2 - 44*c + 26. Let t(i) = 16*a(i) - v(i). Calculate t(-12).
-26
Let g(k) be the third derivative of -k**5/15 + k**4/12 + k**3/3 + 4928*k**2. Determine g(-2).
-18
Let u(m) = -10*m - 75. Suppose -60*r - 3*a + 18 = -65*r, -r - 5*a - 26 = 0. Determine u(r).
-15
Let z(b) be the second derivative of -b**4/6 + b**3/3 + 4*b**2 - 361*b. Calculate z(-4).
-32
Let p(j) = 2*j**3 + 16*j**2 + 12*j - 10. Let x(y) = 2*y - 15. Let l be x(4). Let w be p(l). Let v(o) = 11 - 7*o + w*o**2 + 0*o**3 + o**3 - 13. Give v(-5).
8
Let n(z) = 3*z - 74. Let y be (5 + 5/(-3))*36/5. Calculate n(y).
-2
Let i(t) = -t**2 - 10*t - 11. Suppose -2*h - 30 = 3*a, 0*a + h = -a - 11. Let m be i(a). Let c(p) = 3*p - m*p + 5*p. Calculate c(2).
6
Let a(v) be the first derivative of -v**2/2 - 2*v + 293. Let y(r) = 3*r - 2. Let h be y(-3). Let b = h - -17. Give a(b).
-8
Let b(t) be the first derivative of 2*t**2 + 46*t + 2669. What is b(-12)?
-2
Let h(a) = a**2 + 116*a + 766. Let z be h(-7). Let s(o) = -28*o + 19. Determine s(z).
-65
Let t = -511 + 523. Let o(g) = -3*g - 42 + 6*g - 14*g + t*g. Determine o(0).
-42
Let g = -724 + 724. Let n(p) = p**2 + p + 1. Let x(a) = -4*a**2 - 2*a + 28. Let m(w) = -3*n(w) - x(w). What is m(g)?
-31
Let h(g) = g**3 + g**2 + g - 83. Let z(u) = -5*u**3 - 11*u**2 - 25*u + 514. Let a(y) = -6*h(y) - z(y). Give a(7).
19
Let o(u) = u**2 - 15*u + 10. Suppose -1157*c = -1162*c + 10. Let p be c/((-30)/(-14) + -2). Calculate o(p).
-4
Let c(s) = -7*s**2 + 1. Let w be ((-27)/(-12))/(39/104). Suppose 0 = 12*l - w*l - 6. Calculate c(l).
-6
Let t = 5946 - 5937. Let h(a) = a**2 + 6*a - 22. Determine h(t).
113
Let l(q) = -6*q - 8*q + 65*q**3 + 34 - 9*q**2 - 31*q**3 - 35*q**3. Calculate l(-5).
4
Let n(k) = k**2 + 11*k + 13. Let b be (-147)/12*(-8)/2. Suppose -40 = -b*t + 53*t. Calculate n(t).
3
Let v be (1 - 0)/(7/(-28)). Let k(o) = -o**3 - 9*o**2 - 7*o - 8. Calculate k(v).
-60
Let m be ((-25)/(-20))/((-2)/8). Let j(d) = d - 2*d**2 + 32*d**2 - 19*d**2 - 6 - 4*d**2 - 6*d**2. Determine j(m).
14
Let g(s) = 3*s + 111. Let p = -36166 + 36146. What is g(p)?
51
Suppose -4*l = -3 - 25. Let q(t) be the third derivative of t**5/60 - 7*t**4/24 - 5*t**3/6 - 9873*t**2 + 1. Give q(l).
-5
Let z(p) = p. Let r(k) = -k. Let u(l) = -l**3 + 2*l**2 - 2*l + 14. Let n be u(0). Suppose n = 2*d + 18. Let x(s) = d*z(s) - r(s). Determine x(-2).
2
Let i(p) = -p - 4. Let v be 1 - 26/(-4) - (-390)/(-780). Determine i(v).
-11
Let w(b) = -3*b**2 + 6. Let p(r) = 10*r**2 - 2*r - 22. Let n(z) = -2*p(z) - 7*w(z). Suppose 29 = -8*o - 11. Calculate n(o).
7
Let k be (2/(-2))/(13/(-403)). Suppose -26*g + k*g + 5 = 0. Let d(l) = 5*l**2 - 3 + 16 - 12. What is d(g)?
6
Let h(q) be the third derivative of -13*q**4/12 + q**3/3 + 194*q**2. What is h(-1)?
28
Let l(b) = -b**3 - 5*b**2 - b + 18. Let d be l(-4). Let o be 78/(-9) + d/9. Let m(t) = 3 + 4 - 1 + 3*t + 4. Determine m(o).
-14
Let p be -1 - -5 - 564/(-4). Let d = 146 - p. Let y(f) = -12*f**2 + f. Calculate y(d).
-11
Let i(r) = 4*r**3 - 3*r**2 - 2*r + 1. Let q(v) = -20*v - 15. Let y be q(15). Let n = -317 - y. Calculate i(n).
-39
Let g(y) be the third derivative of y**5/30 + y**4/6 + 3*y**3/2 - 3*y**2 + 420*y. What is g(-6)?
57
Suppose 130 = 5*s - 5*q, -5*s - 5*q + 0*q = -110. Let u(h) = -26*h - s*h - 11 + 44*h - h**2. What is u(-5)?
-6
Let g = 242 - 214. Let j(y) = -y - 15 + g - 19 + y**3. Give j(0).
-6
Let i(x) = -x**3 - 4*x**2 - x - 5. Suppose -4*b + 56 = 3*j, -5*j + 4*b - 5*b + 82 = 0. Suppose -6*u = -u. Suppose u = j*g - 13*g + 12. Calculate i(g).
-1
Let f(g) be the first derivative of -g**2 + 3*g - 5139. Determine f(-4).
11
Let p(g) = -g**3 + 7*g**2 + 45*g - 13. Suppose -21 - 859 = -80*f. Determine p(f).
-2
Let l(c) = -c - 9. Let i be ((-5196)/(-16))/(6/16). Let a be (-6)/24 - i/(-8). Suppose -2*t = -11*t - a. Determine l(t).
3
Let c(v) = v**3 + 6*v**2 + 7*v + 5. Let r(z) = -z**3 - 5*z**2 - 2*z - 8. Let t be r(-5). Suppose -330 = t*f - 118. Let i = 102 + f. Calculate c(i).
9
Let y(w) be the second derivative of 13*w**3/6 + 283*w**2/2 + w + 660. What is y(-23)?
-16
Suppose -4*r = 3*i - 3, -3*i - 45 = -r - 48. Let n(o) = -57*o**2 - 5*o + 4. Give n(i).
-58
Let m(i) = 0*i**2 + 12 - 17*i**2 + 9*i + i - i + 0*i. Let h(l) = -13*l**2 + 8*l + 11. Let a(g) = -4*h(g) + 3*m(g). Give a(9).
28
Let t(p) = 146*p**2 + 2*p**3 + 71*p - 77*p - 148*p**2 - 15 + 10. Determine t(4).
67
Let x(i) = -2*i + 22. Let n(k) = -k**3 - 2*k**2 + 10*k + 18. Let h be n(-4). Give x(h).
2
Let v(o) = -o**2 - 4*o + 4. Suppose 18*i = -30 - 42. Give v(i).
4
Let s(u) = -2*u**2 + 4*u - 2. Let p(h) = 3*h**3 - 10*h**2 + 18*h - 8. Let j(b) = p(b) - 4*s(b). Give j(2).
20
Let h(s) = -s**2 - 6*s - 2. Let g be h(-3). Let l(a) = 31*a + 1. Let v(p) = 37*p + 2. Let t(i) = 6*l(i) - 5*v(i). Determine t(g).
3
Suppose -636*v = -287*v. Let p(k) be the first derivative of -k**4/24 - 8*k**3/3 - k**2/2 - 2. Let g(u) be the second derivative of p(u). Determine g(v).
-16
Let o(h) be the second derivative of -h**6/360 - h**5/12 + h**4/4 + 7*h**3/2 + 29*h. Let a(z) be the third derivative of o(z). Calculate a(-10).
10
Let p = -295 + 300. Let k(b) = -4*b + 7*b - 11*b + p*b - 3. What is k(-2)?
3
Let c(q) = 19*q**3 - 3117*q**2 + 168*q - 653. Let s be c(164). Let h(b) be the second derivative of b**5/20 - b**4/4 - b**3/3 + b**2/2 + 2*b. What is h(s)?
-5
Suppose 2*g - 3*g + 3 = 2*t, -5*g - 5*t = -10. Suppose 18*l - 5 = -h + 15*l, 5*h = -l + 25. Let x = h + g. Let w(i) = i - 6. Calculate w(x).
0
Let b(m) = -m**3 + 7*m**2 + 9*m - 7. Let i(v) = -30*v + 1748. Let h be i(58). Give b(h).
1
Let n(o) = -2*o - 47. Let p be n(-25). Let d(s) be the second derivative of -1/12*s**4 + 0 + 1/2*s**3 - 3/2*s**2 + s. Determine d(p).
-3
Let v be ((-404)/1414)/(0 + 2/(-70)). Let n(y) = y**3 - 11*y**2 + 5*y + 10. Determine n(v).
-40
Let l(k) = -134*k + 2. Suppose -2*n + 79*n + 133 = -56*n. What is l(n)?
136
Let m(s) = -171*s. Let h(w) = -6*w. Let l(y) = -63*h(y) + 2*m(y). Calculate l(1).
36
Let m = 691 + -689. Let h(b) be the second derivative of -b**3 + 4*b**2 + 21*b. Determine h(m).
-4
Let h(f) = -f + 7. Let c = 1000 - 708. Let l = c + -296. Calculate h(l).
11
Let g(i) = -4*i + 4. Let a(l) = -7*l + 8. Let o(p) = 3*a(p) - 5*g(p). Let y be o(-11). Let v(f) = -f**2 + 7*f**3 - 38*f - 3 + 21*f + y*f + 2. Give v(-1).
-7
Let k(s) be the third derivative of s**6/360 - s**5/30 + s**4/6 - 5*s**3/3 + 103*s**2. Let n(u) be the second derivative of k(u). What is n(0)?
-4
Let w be (-3 - -6)*(1 + 2). Let h = w - 13. Let j(f) be the third derivative of f**5/60 + 5*f**4/24 - f**3/6 + 57*f**2. Calculate j(h).
-5
Let i(m) = -m**3 + 24*m**2 + 24*m + 18. Suppose 5*b + 5*k - 89 = 21, -k = -7*b + 178. Give i(b).
-7
Let w(q) be the second derivative of -1/6*q**3 - 9*q - 3*q**2 + 0. Let g be w(-10). Let x(u) = -u**2 + 3*u + 2. Give x(g).
-2
Let b(h) = h**2 + 15*h - 4. Let a be b(-15). Let l be -4*a/16*0. Let i(g) = -g + l*g + 3*g - 4 - 4*g. Determine i(-5).
6
Let m be 1 - 14760/(-32)*16/(-6). Let f = 1231 + m. Let k(w) be the first derivative of -w**2/2 + 1. Calculate k(f).
-2
Let z(d) = 4*d - 97. Suppose 29*n - 126 - 686 = 0. What is z(n)?
15
Let a be (2/(-5))/(-4*9/35460). Let w = -398 + a. Let y(k) = -2*k**2 - 7*k - 6. What is y(w)?
-10
Let d(j) = -j**3 + 6*j**2 - 14*j + 82. Let k be d(6). Let r(g) = 14*g**2 - 9*g - 6. Let c(v) = -5*v**2 + 3*v + 2. Let z(b) = 8*c(b) + 3*r(b). Calculate z(k).
12
Let j(k) be the second derivative of -25*k - 1/6*k**4 + 2/5*k**5 + 0 + 1/2*k**2 + 0*k**3. Give j(-1).
-9
Suppose 16523*k - 30 = 16527*k - 6. Let m(v) = 4*v**3 + 25*v**2 + 8*v + 4. What is m(k)?
-8
Let n(z) be the second derivative of z**